factors of 730.
2, 5, 73
What are the prime factors of 4407?
3, 13, 113
What are the prime factors of 16635?
3, 5, 1109
What are the prime factors of 220?
2, 5, 11
List the prime factors of 15782.
2, 13, 607
What are the prime factors of 6229?
6229
List the prime factors of 19333.
19333
What are the prime factors of 2457?
3, 7, 13
What are the prime factors of 18974?
2, 53, 179
What are the prime factors of 20945?
5, 59, 71
What are the prime factors of 903?
3, 7, 43
What are the prime factors of 1144?
2, 11, 13
What are the prime factors of 19209?
3, 19, 337
List the prime factors of 33957.
3, 7, 11
What are the prime factors of 45230?
2, 5, 4523
What are the prime factors of 20611?
20611
What are the prime factors of 7492?
2, 1873
List the prime factors of 1031.
1031
What are the prime factors of 577?
577
List the prime factors of 20304.
2, 3, 47
What are the prime factors of 49444?
2, 47, 263
What are the prime factors of 4729?
4729
List the prime factors of 40530.
2, 3, 5, 7, 193
List the prime factors of 86068.
2, 21517
List the prime factors of 14091.
3, 7, 11, 61
List the prime factors of 1805.
5, 19
What are the prime factors of 19664?
2, 1229
What are the prime factors of 108?
2, 3
List the prime factors of 3352.
2, 419
List the prime factors of 196060.
2, 5, 9803
List the prime factors of 4187.
53, 79
List the prime factors of 575.
5, 23
What are the prime factors of 87?
3, 29
What are the prime factors of 2000?
2, 5
What are the prime factors of 3985?
5, 797
List the prime factors of 19434.
2, 3, 41, 79
List the prime factors of 1387.
19, 73
List the prime factors of 89897.
89897
What are the prime factors of 99155?
5, 7, 2833
What are the prime factors of 609?
3, 7, 29
List the prime factors of 21703.
11, 1973
What are the prime factors of 72770?
2, 5, 19, 383
What are the prime factors of 1398?
2, 3, 233
List the prime factors of 81396.
2, 3, 7, 17, 19
What are the prime factors of 1849?
43
What are the prime factors of 8966?
2, 4483
What are the prime factors of 67757?
67757
List the prime factors of 5131.
7, 733
What are the prime factors of 25175?
5, 19, 53
List the prime factors of 41700.
2, 3, 5, 139
What are the prime factors of 1468?
2, 367
What are the prime factors of 727?
727
What are the prime factors of 4938?
2, 3, 823
List the prime factors of 115.
5, 23
What are the prime factors of 21117?
3, 7039
What are the prime factors of 2794?
2, 11, 127
List the prime factors of 5036.
2, 1259
What are the prime factors of 2604?
2, 3, 7, 31
List the prime factors of 25672.
2, 3209
List the prime factors of 651.
3, 7, 31
What are the prime factors of 16451?
16451
What are the prime factors of 61117?
7, 8731
What are the prime factors of 67352?
2, 8419
What are the prime factors of 29208?
2, 3, 1217
List the prime factors of 1726.
2, 863
List the prime factors of 16696.
2, 2087
What are the prime factors of 3761?
3761
List the prime factors of 2618.
2, 7, 11, 17
List the prime factors of 4722.
2, 3, 787
List the prime factors of 84004.
2, 21001
What are the prime factors of 328?
2, 41
List the prime factors of 3769.
3769
List the prime factors of 667.
23, 29
What are the prime factors of 3071?
37, 83
List the prime factors of 16972.
2, 4243
What are the prime factors of 1623?
3, 541
List the prime factors of 16815.
3, 5, 19, 59
List the prime factors of 2944.
2, 23
What are the prime factors of 3429?
3, 127
List the prime factors of 1053.
3, 13
List the prime factors of 107496.
2, 3, 1493
What are the prime factors of 73515?
3, 5, 13, 29
List the prime factors of 74.
2, 37
What are the prime factors of 4039?
7, 577
What are the prime factors of 528?
2, 3, 11
What are the prime factors of 7963?
7963
What are the prime factors of 2464?
2, 7, 11
List the prime factors of 17085.
3, 5, 17, 67
List the prime factors of 51319.
19, 37, 73
What are the prime factors of 131257?
7, 17, 1103
What are the prime factors of 5801?
5801
List the prime factors of 11424.
2, 3, 7, 17
List the prime factors of 17398.
2, 8699
List the prime factors of 263.
263
List the prime factors of 1954.
2, 977
List the prime factors of 20569.
67, 307
What are the prime factors of 172454?
2, 23, 163
List the prime factors of 7735.
5, 7, 13, 17
What are the prime factors of 59171?
7, 79, 107
List the prime factors of 2700.
2, 3, 5
List the prime factors of 29674.
2, 37, 401
List the prime factors of 114088.
2, 13, 1097
List the prime factors of 10901.
11, 991
What are the prime factors of 1692?
2, 3, 47
What are the prime factors of 11315?
5, 31, 73
List the prime factors of 1191.
3, 397
What are the prime factors of 553?
7, 79
List the prime factors of 4568.
2, 571
What are the prime factors of 30149?
7, 59, 73
List the prime factors of 4083.
3, 1361
List the prime factors of 3919.
3919
What are the prime factors of 11302?
2, 5651
What are the prime factors of 15550?
2, 5, 311
What are the prime factors of 26165?
5, 5233
List the prime factors of 15179.
43, 353
What are the prime factors of 2822?
2, 17, 83
What are the prime factors of 50975?
5, 2039
List the prime factors of 13164.
2, 3, 1097
List the prime factors of 8973.
3, 997
What are the prime factors of 901?
17, 53
List the prime factors of 3143.
7, 449
What are the prime factors of 3400?
2, 5, 17
List the prime factors of 7487.
7487
List the prime factors of 84515.
5, 16903
What are the prime factors of 1089?
3, 11
List the prime factors of 81839.
81839
List the prime factors of 618.
2, 3, 103
What are the prime factors of 2631?
3, 877
List the prime factors of 5942.
2, 2971
List the prime factors of 4785.
3, 5, 11, 29
List the prime factors of 4853.
23, 211
List the prime factors of 88444.
2, 22111
What are the prime factors of 567?
3, 7
What are the prime factors of 2724?
2, 3, 227
What are the prime factors of 2071?
19, 109
What are the prime factors of 39639?
3, 73, 181
List the prime factors of 2657.
2657
What are the prime factors of 43792?
2, 7, 17, 23
What are the prime factors of 1363?
29, 47
What are the prime factors of 21086?
2, 13, 811
List the prime factors of 2728.
2, 11, 31
List the prime factors of 1423.
1423
What are the prime factors of 2285?
5, 457
List the prime factors of 4084.
2, 1021
What are the prime factors of 6277?
6277
What are the prime factors of 4251?
3, 13, 109
List the prime factors of 12199.
11, 1109
What are the prime factors of 38489?
11, 3499
List the prime factors of 2255.
5, 11, 41
List the prime factors of 4464.
2, 3, 31
List the prime factors of 2195.
5, 439
What are the prime factors of 851?
23, 37
List the prime factors of 11612.
2, 2903
What are the prime factors of 683?
683
List the prime factors of 63628.
2, 15907
What are the prime factors of 1300?
2, 5, 13
List the prime factors of 94002.
2, 3, 15667
List the prime factors of 31323.
3, 53, 197
List the prime factors of 11562.
2, 3, 41, 47
What are the prime factors of 10112?
2, 79
What are the prime factors of 13482?
2, 3, 7, 107
What are the prime factors of 1983?
3, 661
What are the prime factors of 834?
2, 3, 139
What are the prime factors of 6178?
2, 3089
What are the prime factors of 12249?
3, 1361
List the prime factors of 15850.
2, 5, 317
List the prime factors of 987.
3, 7, 47
List the prime factors of 1980.
2, 3, 5, 11
List the prime factors of 2252.
2, 563
What are the prime factors of 348?
2, 3, 29
What are the prime factors of 8936?
2, 1117
List the prime factors of 268.
2, 67
What are the prime factors of 2686?
2, 17, 79
List the prime factors of 109479.
3, 36493
What are the prime factors of 1124?
2, 281
List the prime factors of 373.
373
What are the prime factors of 13095?
3, 5, 97
List the prime factors of 920.
2, 5, 23
What are the prime factors of 3037?
3037
List the prime factors of 170810.
2, 5, 19, 29, 31
What are the prime factors of 77795?
5, 15559
What are the prime factors of 5283?
3, 587
What are the prime factors of 166273?
166273
List the prime factors of 44639.
7, 911
List the prime factors of 24420.
2, 3, 5, 11, 37
List the prime factors of 7829.
7829
What are the prime factors of 916?
2, 229
What are the prime factors of 7897?
53, 149
What are the prime factors of 679?
7, 97
What are the prime factors of 75951?
3, 29, 97
What are the prime factors of 44289?
3, 7, 19, 37
